units digit of 225?
5
What is the thousands digit of 3305?
3
What is the hundreds digit of 8086?
0
What is the units digit of 54352?
2
What is the ten thousands digit of 32755?
3
What is the ten thousands digit of 81422?
8
What is the tens digit of 27167?
6
What is the units digit of 54012?
2
What is the tens digit of 9014?
1
What is the tens digit of 40521?
2
What is the hundreds digit of 1646?
6
What is the units digit of 20764?
4
What is the thousands digit of 14379?
4
What is the units digit of 1440?
0
What is the tens digit of 1312?
1
What is the tens digit of 38446?
4
What is the units digit of 59357?
7
What is the ten thousands digit of 47892?
4
What is the thousands digit of 1771?
1
What is the thousands digit of 81659?
1
What is the thousands digit of 7103?
7
What is the units digit of 44581?
1
What is the units digit of 1267?
7
What is the hundreds digit of 3182?
1
What is the tens digit of 894?
9
What is the units digit of 883?
3
What is the tens digit of 300?
0
What is the thousands digit of 54171?
4
What is the thousands digit of 18630?
8
What is the units digit of 80883?
3
What is the thousands digit of 6138?
6
What is the tens digit of 70974?
7
What is the hundreds digit of 9101?
1
What is the hundreds digit of 260?
2
What is the ten thousands digit of 65522?
6
What is the ten thousands digit of 25046?
2
What is the ten thousands digit of 57792?
5
What is the thousands digit of 113290?
3
What is the hundreds digit of 30164?
1
What is the thousands digit of 2209?
2
What is the ten thousands digit of 99384?
9
What is the units digit of 3973?
3
What is the units digit of 916?
6
What is the hundreds digit of 1116?
1
What is the units digit of 11?
1
What is the tens digit of 10257?
5
What is the hundreds digit of 29604?
6
What is the units digit of 4647?
7
What is the units digit of 1460?
0
What is the units digit of 48966?
6
What is the tens digit of 45694?
9
What is the units digit of 31?
1
What is the units digit of 6002?
2
What is the thousands digit of 1252?
1
What is the units digit of 3092?
2
What is the units digit of 50013?
3
What is the thousands digit of 24868?
4
What is the ten thousands digit of 57966?
5
What is the hundreds digit of 45747?
7
What is the hundreds digit of 4136?
1
What is the units digit of 896?
6
What is the hundreds digit of 23268?
2
What is the units digit of 4158?
8
What is the tens digit of 5970?
7
What is the tens digit of 7012?
1
What is the hundreds digit of 983?
9
What is the units digit of 13116?
6
What is the units digit of 1061?
1
What is the thousands digit of 35058?
5
What is the hundreds digit of 934?
9
What is the thousands digit of 1006?
1
What is the thousands digit of 105435?
5
What is the tens digit of 11676?
7
What is the hundreds digit of 330?
3
What is the thousands digit of 16140?
6
What is the units digit of 9101?
1
What is the tens digit of 4602?
0
What is the tens digit of 31927?
2
What is the hundreds digit of 532?
5
What is the tens digit of 108295?
9
What is the units digit of 3992?
2
What is the thousands digit of 78568?
8
What is the hundreds digit of 2059?
0
What is the thousands digit of 34176?
4
What is the thousands digit of 30754?
0
What is the tens digit of 1846?
4
What is the thousands digit of 1175?
1
What is the tens digit of 4881?
8
What is the tens digit of 8908?
0
What is the hundreds digit of 1640?
6
What is the tens digit of 1013?
1
What is the hundreds digit of 526?
5
What is the tens digit of 99?
9
What is the hundreds digit of 2964?
9
What is the tens digit of 97?
9
What is the thousands digit of 1330?
1
What is the hundreds digit of 10715?
7
What is the thousands digit of 72101?
2
What is the units digit of 2343?
3
What is the units digit of 1680?
0
What is the units digit of 36829?
9
What is the thousands digit of 1570?
1
What is the units digit of 13541?
1
What is the tens digit of 66044?
4
What is the tens digit of 10150?
5
What is the units digit of 26578?
8
What is the thousands digit of 9923?
9
What is the ten thousands digit of 17416?
1
What is the units digit of 1064?
4
What is the units digit of 3402?
2
What is the thousands digit of 14678?
4
What is the tens digit of 411?
1
What is the tens digit of 2012?
1
What is the thousands digit of 2618?
2
What is the units digit of 45031?
1
What is the tens digit of 5134?
3
What is the hundreds digit of 1911?
9
What is the thousands digit of 3750?
3
What is the hundreds digit of 208489?
4
What is the thousands digit of 62792?
2
What is the units digit of 1757?
7
What is the tens digit of 2597?
9
What is the ten thousands digit of 16001?
1
What is the units digit of 3207?
7
What is the thousands digit of 5380?
5
What is the units digit of 2864?
4
What is the thousands digit of 8305?
8
What is the tens digit of 19644?
4
What is the ten thousands digit of 43726?
4
What is the hundreds digit of 21015?
0
What is the tens digit of 124760?
6
What is the tens digit of 2332?
3
What is the tens digit of 987?
8
What is the units digit of 76922?
2
What is the hundreds digit of 20382?
3
What is the units digit of 999?
9
What is the thousands digit of 46677?
6
What is the hundreds digit of 918?
9
What is the ten thousands digit of 48641?
4
What is the thousands digit of 5518?
5
What is the units digit of 511?
1
What is the thousands digit of 7411?
7
What is the hundreds digit of 10009?
0
What is the units digit of 3063?
3
What is the tens digit of 19775?
7
What is the thousands digit of 5458?
5
What is the tens digit of 64903?
0
What is the units digit of 3428?
8
What is the units digit of 863?
3
What is the hundreds digit of 11465?
4
What is the hundreds digit of 5185?
1
What is the units digit of 596?
6
What is the units digit of 60351?
1
What is the tens digit of 1572?
7
What is the hundreds digit of 1776?
7
What is the ten thousands digit of 12505?
1
What is the hundreds digit of 613?
6
What is the tens digit of 62020?
2
What is the thousands digit of 39966?
9
What is the hundreds digit of 1028?
0
What is the tens digit of 25917?
1
What is the units digit of 69234?
4
What is the hundreds digit of 3522?
5
What is the thousands digit of 36534?
6
What is the tens digit of 17529?
2
What is the tens digit of 2684?
8
What is the thousands digit of 6970?
6
What is the tens digit of 241?
4
What is the units digit of 2324?
4
What is the units digit of 1654?
4
What is the thousands digit of 14194?
4
What is the units digit of 43?
3
What is the hundreds digit of 156?
1
What is the thousands digit of 5577?
5
What is the tens digit of 26164?
6
What is the tens digit of 1948?
4
What is the units digit of 58883?
3
What is the ten thousands digit of 16630?
1
What is the units digit of 30528?
8
What is the hundreds digit of 6120?
1
What is the thousands digit of 2691?
2
What is the units digit of 14346?
6
What is the tens digit of 166200?
0
What is the ten thousands digit of 144468?
4
What is the tens digit of 4287?
8
What is the units digit of 45728?
8
What is the units digit of 552?
2
What is the hundreds digit of 6683?
6
What is the ten thousands digit of 28624?
2
What is the hundreds digit of 801?
8
What is the hundreds digit of 2183?
1
What is the units digit of 1634?
4
What is the hundreds digit of 101269?
2
What is the tens digit of 1023?
2
What is the hundred thousands digit of 158557?
1
What is the units digit of 11835?
5
What is the units digit of 3253?
3
What is the tens digit of 43255?
5
What is the hundreds digit of 30769?
7
What is the units digit of 1727?
7
What is the tens digit of 1448?
4
What is the units digit of 12278?
8
What is the hundreds digit of 1635?
6
What is the units digit of 4900?
0
What is the hundreds digit of 124814?
8
What is the units digit of 4?
4
What is the ten thousands digit of 63886?
6
What is the units digit of 5297?
7
What is the units digit of 2109?
9
What is the hundreds digit of 32546?
5
What is the units digit of 19356?
6
What is the hundreds digit of 21461?
4
What is the thousands digit of 97373?
7
What is the thousands digit of 1832?
1
What is the units digit of 1700?
0
What is the thousands digit of 101664?
1
What is the hundreds digit of 2551?
5
What is the hundred thousands digit of 131059?
1
What is the thousands digit of 13410?
3
What is the thousands digit of 6590?
6
What i